the second derivative of -j**3/2 - 3*j**2 + 2*j. What is the units digit of d(-5)?
9
Let m(t) = -t**2 + 6*t + 8. Suppose -2*z - 5*d + 2 = 0, -2*z = -3*z + 2*d + 10. Let k(p) = p**2 - 6*p + 7. Let j be k(z). What is the units digit of m(j)?
1
Let d be (-3)/(-18) - (-58)/12. Suppose 0 = 5*l + 4*h - 150, -2*l + 3*l = -d*h + 51. What is the units digit of l?
6
Let w be 8/4 + -7 + -1. What is the units digit of 9/w*2/(-1)?
3
Let t(k) = -4 + 2 - 2 - 4 - k. Let x be t(-8). Suppose l - 42 = -3*m - x*l, 4*l = m - 14. What is the tens digit of m?
1
Suppose -2*f = 6, 2*l + 2*f - 101 = -29. What is the tens digit of l?
3
Suppose 3*w + 4 = -w. Let y(o) = -6*o + 3. Let p(d) = -31*d + 16. Let h(f) = -2*p(f) + 11*y(f). What is the units digit of h(w)?
5
Suppose -4*z = -5*z + 5*f + 2, 0 = z - f - 2. Suppose z*a - 3*y - 20 = -2*a, 4 = y. Suppose 0 = h - 5*p - 25, 4*h + 4*p = 2*h + a. What is the units digit of h?
0
Suppose 0 = -5*a + 3 + 12. Suppose 0 = -a*r + 4*r - 15. What is the tens digit of r?
1
Let n(s) be the first derivative of -s**4/4 - 2*s**3/3 - 5*s**2/2 + 2. Let p be n(-4). Suppose -3*f + p = f. What is the tens digit of f?
1
Suppose 7*d - 10 = 5*w + 2*d, 0 = 3*w - d + 6. Let t = 1 - w. Suppose x - 17 = -t. What is the units digit of x?
4
Suppose 2*x - 9 = -x. What is the units digit of x?
3
Let l(j) = -j**3 + 8*j**2 - 6*j + 8. What is the tens digit of l(5)?
5
Let r = 0 + 51. Let z = 74 - r. What is the units digit of z?
3
Suppose 3*p = 25 + 374. What is the hundreds digit of p?
1
Let u(w) = 5*w**3 - 11*w**2 - 8*w - 13. Let a(x) = 11*x**3 - 23*x**2 - 16*x - 27. Let o(j) = 4*a(j) - 9*u(j). Let g = -4 + 12. What is the units digit of o(g)?
9
Let c(l) = 7*l**2 - l + 3. Let z be c(-3). Let m(s) = s**2 + 14*s - 17. Let n be m(-15). What is the units digit of z/9 - n/6?
8
Suppose l = -5*j + 30, l - 4 = -2*j + 14. Let q(o) = -o**3 + 9*o**2 + 10*o + 12. What is the tens digit of q(l)?
1
Let t be (11 - 8) + 9 + -1. What is the units digit of (t + -5)/((-2)/(-5))?
5
Let f = -12 + 12. Suppose n + 5*u + 14 = f, -4*u = n + 4*n + 7. What is the units digit of n?
1
Suppose 5*n = r + 1, -4*n + 3*r - 6*r + 16 = 0. Let i be (19/n + -3)/2. Suppose w + 0*w - i = 0. What is the units digit of w?
8
Let m(k) = k**2 + 6*k - 3. What is the units digit of m(5)?
2
Let q be 1/4 + 636/16. Suppose -4*f + q = -5*c, 3*c + 13 + 37 = 5*f. What is the tens digit of f?
1
Let s(w) = 2*w**2 - 3*w**2 + 4 - 5*w + 2*w**2. What is the units digit of s(5)?
4
Let f = -9 - -16. Let a = -6 + f. Suppose a = 5*v - 14. What is the units digit of v?
3
Let q = -12 + 14. Suppose i + 0*i - 6 = 4*j, -5*i + 11 = -j. Let p = j + q. What is the units digit of p?
1
Let m(r) = 8*r**2 + 7 + 6*r**3 + 6*r + r**3 - 6*r**3. What is the units digit of m(-7)?
4
What is the tens digit of (-2)/7 + 564/14?
4
Let c(b) = b**3 - b**2 + b + 32. What is the tens digit of c(0)?
3
Let t = 101 + -42. What is the tens digit of t?
5
What is the units digit of -1 + 3 - (-7)/((-28)/(-20))?
7
Let a(z) = -z**2 + 14*z + 11. What is the tens digit of a(14)?
1
Let u be (-2)/8 + 13/4. Let k(c) = c**3 - c**2 - 4. What is the units digit of k(u)?
4
Let f(b) = 15*b + 9. What is the units digit of f(6)?
9
Let s(a) = 32*a + 3. Let f(z) = -21*z - 2. Let w(m) = 7*f(m) + 5*s(m). Let c be w(4). Suppose 5*j - c = 7. What is the tens digit of j?
1
What is the tens digit of ((14 + -3)*-2)/((-1)/4)?
8
Suppose -3*f - 8 = -5*f + b, 19 = 3*f - 5*b. Let o(x) = 2*x - 3 + f - 5. What is the units digit of o(4)?
3
What is the tens digit of (-2 - 348/10 - -1)*-5?
7
Suppose 5*f - 114 = 86. What is the tens digit of f?
4
What is the units digit of (-2 + 60)*3/6?
9
Let w = 4 + 2. Let u = w + 0. What is the units digit of u?
6
Let o(k) = -k - 11. Let q be o(-8). Let t = -1 - q. What is the units digit of 6/(-3)*(-5)/t?
5
Let y(j) = -j**3 + 5*j**2 + 9*j - 6. Let b = -1 + 7. Let p be y(b). Let z = p + -6. What is the units digit of z?
6
Let m(c) be the third derivative of -c**6/120 - 3*c**5/20 - 3*c**4/8 - 2*c**3/3 + 4*c**2. What is the units digit of m(-8)?
4
Let o = 5 - 0. Let j(r) = r + 3 - 2 + 0. What is the units digit of j(o)?
6
Suppose -6*y + 30 = -y. Let f = -8 + 6. Let v = y + f. What is the units digit of v?
4
What is the tens digit of -3 + 136/(2 + 2)?
3
Suppose -2*m - 1 + 3 = 0. Let r = m + 0. What is the units digit of r?
1
Suppose 0 = -3*u + 4*h + 7, 4*h + 0 = u + 3. Let s be (-3)/9*(-30)/u. Let g(o) = 2*o**2 + o - 2. What is the units digit of g(s)?
8
Let d(h) = 7*h**2 + h. What is the tens digit of d(2)?
3
Let x(v) = -v**3 - 7*v**2 + 6*v - 5. Let d be -2 + (-6 - -3) + -3. What is the units digit of x(d)?
1
Let r be 1/(-2) - (-23)/(-2). Let p = r - -7. Let u = p + 10. What is the units digit of u?
5
Let l(f) = -f**2 - 2*f + 4. Let s be 2 - (-1)/((-2)/(-8)). Suppose -w - w = s. What is the units digit of l(w)?
1
Let m(s) = s**3 + 8*s**2 - s - 5. Let v = -28 - -20. Let u be m(v). Suppose 16 = 2*d - u*p - 13, -75 = -5*d + 5*p. What is the units digit of d?
6
Let h = 654 + -411. What is the hundreds digit of h?
2
Let x(h) = 6*h**2 + 1. Let t be (3 + 0)*2/6. What is the units digit of x(t)?
7
Let o = -9 - -13. Let n(m) be the third derivative of -m**5/60 + m**4/8 + 5*m**3/6 - 4*m**2. What is the units digit of n(o)?
1
Let g(f) = f**2 + f - 15. What is the hundreds digit of g(-14)?
1
Let g be 22/4 + 6/(-12). Suppose 5*o = -2*r + 16, 4*r + 2 - 24 = -g*o. What is the units digit of 3/6 + 9/o?
5
Let i(s) = 2*s**3 + 2*s**2 - s. Let m(g) = -g**2 - 3*g + 5. Let x be m(-4). Let c be i(x). Suppose 0 = c*o - 7 - 17. What is the units digit of o?
8
Let v(a) = a**3 - 7*a**2 + a + 7. What is the units digit of v(7)?
4
Let x be (-432)/(-40) + (-2)/(-10). Let d(y) = -y**2 + 7*y + 5. Let n be d(5). Let c = n - x. What is the units digit of c?
4
Suppose -28 = -5*x - c, 4*x + 5*c - 17 = 18. Suppose h + 3*d + 2*d + 19 = 0, -5*d - 11 = -h. Let r = h + x. What is the units digit of r?
1
Let h be 6*(105/(-6))/(-5). Suppose 2*i = h + 7. What is the tens digit of i?
1
Suppose 2*w - 14 = 2*h, -2*h = -4*w + w + 16. Suppose 2*p - 8 = -w*g + 20, -4*g = -3*p + 49. What is the tens digit of p?
1
Let c(f) = f**3 + 4*f**2 - 6. Let u be c(-3). Suppose -u*v + g = -14, -4*g + 0*g - 11 = -3*v. What is the units digit of v?
5
Let z = 4 - 7. Let a = 7 - 1. Let f = a + z. What is the units digit of f?
3
Suppose -4*n - 2*k + 12 = 0, -3 - 9 = 3*k. Suppose 2*p = 4*p - 54. Suppose m - p = v - 3*v, -n*v + 96 = 4*m. What is the tens digit of m?
1
Let g(a) = a - 5. Let s be g(7). Suppose -k + 14 = s. What is the units digit of k?
2
Let d = 172 + -69. What is the units digit of d?
3
Let t = 134 + -72. What is the tens digit of t?
6
Suppose l - 8 = -2*w - 2*w, 0 = 2*w - 5*l - 4. Let d(c) = -2*c**2 - 3*c + 2 + c**3 + c + c**w + c. What is the units digit of d(2)?
4
Suppose -d + 40 = 3*d. Let k = d - 9. What is the units digit of k?
1
Let p(w) = 4*w**2 + 3*w. What is the tens digit of p(-5)?
8
Suppose 815 = 134*l - 129*l. What is the hundreds digit of l?
1
Let y = 366 + -218. What is the tens digit of y?
4
Let g(d) be the third derivative of -d**6/120 - d**5/30 + d**4/24 - d**3/2 - d**2. Let y be (0 - 0) + 36/(-12). What is the units digit of g(y)?
3
Let b(i) = -i**2 + 11*i + 12. What is the units digit of b(10)?
2
Suppose 11*g - 7*g = 380. What is the tens digit of g?
9
Let s be (-336)/(-13) + (-4)/(-26). Suppose 8*v = 7*v + s. What is the units digit of v?
6
What is the units digit of (1 - -2)/(-2 - -3)?
3
Let h be 94/(-6) - 2/6. Let f(r) = -r + 13. What is the tens digit of f(h)?
2
Let w = 25 - 18. Let q(a) = -5 + 4*a**2 - w*a - 2*a - 5*a**2. What is the units digit of q(-7)?
9
Let k(p) = 24*p**2 + p + 1. Let d be k(-1). Let h = d - 4. What is the units digit of h - 4/6*3?
8
Let h = -96 - -143. What is the units digit of h?
7
Let x(f) = -f**2 - 9*f + 3. Let c be x(-9). Suppose q - 56 = -c*q. What is the units digit of q?
4
Let g be 13/(-26) + (-15)/(-2). What is the units digit of (-1524)/(-42) - 2/g?
6
Let h be 1 + -1 + 25 - 1. Let w = h - 14. What is the tens digit of w?
1
Suppose 7 = 5*u - 13. Let c(i) = -i**3 + 5*i**2 - i - 4. Let z be c(u). Suppose -28 = -2*r - z. What is the units digit of r?
0
Suppose 7*y + 250 = 1279. What is the tens digit of y?
4
What is the tens digit of ((-5)/(-5